Last updated on 2025-10-22 05:51:29 CEST.
Flavor | Version | Tinstall | Tcheck | Ttotal | Status | Flags |
---|---|---|---|---|---|---|
r-devel-linux-x86_64-debian-clang | 0.1.2 | 2.78 | 37.90 | 40.68 | OK | |
r-devel-linux-x86_64-debian-gcc | 0.1.2 | 2.42 | 30.50 | 32.92 | OK | |
r-devel-linux-x86_64-fedora-clang | 0.1.2 | 15.00 | 49.08 | 64.08 | OK | |
r-devel-linux-x86_64-fedora-gcc | 0.1.2 | 72.82 | OK | |||
r-devel-windows-x86_64 | 0.1.2 | 5.00 | 53.00 | 58.00 | OK | |
r-patched-linux-x86_64 | 0.1.2 | 3.35 | 34.98 | 38.33 | OK | |
r-release-linux-x86_64 | 0.1.2 | 2.47 | 35.08 | 37.55 | OK | |
r-release-macos-arm64 | 0.1.2 | 3.00 | 41.00 | 44.00 | OK | |
r-release-macos-x86_64 | 0.1.2 | 3.00 | 48.00 | 51.00 | OK | |
r-release-windows-x86_64 | 0.1.2 | 6.00 | 56.00 | 62.00 | OK | |
r-oldrel-macos-arm64 | 0.1.2 | 2.00 | 26.00 | 28.00 | NOTE | |
r-oldrel-macos-x86_64 | 0.1.2 | 3.00 | 42.00 | 45.00 | NOTE | |
r-oldrel-windows-x86_64 | 0.1.2 | 7.00 | 64.00 | 71.00 | NOTE |
Version: 0.1.2
Check: LazyData
Result: NOTE
'LazyData' is specified without a 'data' directory
Flavors: r-oldrel-macos-arm64, r-oldrel-macos-x86_64, r-oldrel-windows-x86_64