Last updated on 2025-07-28 09:50:17 CEST.
Flavor | Version | Tinstall | Tcheck | Ttotal | Status | Flags |
---|---|---|---|---|---|---|
r-devel-linux-x86_64-debian-clang | 2.1-2 | 62.88 | 226.97 | 289.85 | OK | |
r-devel-linux-x86_64-debian-gcc | 2.1-2 | 46.40 | 173.16 | 219.56 | OK | |
r-devel-linux-x86_64-fedora-clang | 2.1-2 | 349.63 | NOTE | |||
r-devel-linux-x86_64-fedora-gcc | 2.1-2 | 443.10 | OK | |||
r-devel-windows-x86_64 | 2.1-2 | 69.00 | 185.00 | 254.00 | OK | |
r-patched-linux-x86_64 | 2.1-2 | 65.80 | 278.15 | 343.95 | OK | |
r-release-linux-x86_64 | 2.1-2 | 64.63 | 275.12 | 339.75 | OK | |
r-release-macos-arm64 | 2.1-2 | 79.00 | OK | |||
r-release-macos-x86_64 | 2.1-2 | 137.00 | OK | |||
r-release-windows-x86_64 | 2.1-2 | 70.00 | 166.00 | 236.00 | OK | |
r-oldrel-macos-arm64 | 2.1-2 | 134.00 | NOTE | |||
r-oldrel-macos-x86_64 | 2.1-2 | 152.00 | NOTE | |||
r-oldrel-windows-x86_64 | 2.1-2 | 82.00 | 180.00 | 262.00 | OK |
Version: 2.1-2
Check: tests
Result: NOTE
Running ‘ttclust.R’
Comparing ‘ttclust.Rout’ to ‘ttclust.Rout.save’ ...21,22d20
< OMP: Warning #96: Cannot form a team with 8 threads, using 2 instead.
< OMP: Hint Consider unsetting KMP_DEVICE_THREAD_LIMIT (KMP_ALL_THREADS), KMP_TEAMS_THREAD_LIMIT, and OMP_THREAD_LIMIT (if any are set).
Flavor: r-devel-linux-x86_64-fedora-clang
Version: 2.1-2
Check: installed package size
Result: NOTE
installed size is 7.6Mb
sub-directories of 1Mb or more:
libs 6.2Mb
Flavors: r-oldrel-macos-arm64, r-oldrel-macos-x86_64