Last updated on 2025-10-22 05:51:29 CEST.
Flavor | Version | Tinstall | Tcheck | Ttotal | Status | Flags |
---|---|---|---|---|---|---|
r-devel-linux-x86_64-debian-clang | 0.2.0 | 2.41 | 35.31 | 37.72 | NOTE | |
r-devel-linux-x86_64-debian-gcc | 0.2.0 | 1.97 | 28.43 | 30.40 | NOTE | |
r-devel-linux-x86_64-fedora-clang | 0.2.0 | 11.00 | 44.93 | 55.93 | NOTE | |
r-devel-linux-x86_64-fedora-gcc | 0.2.0 | 64.65 | NOTE | |||
r-devel-windows-x86_64 | 0.2.0 | 4.00 | 60.00 | 64.00 | NOTE | |
r-patched-linux-x86_64 | 0.2.0 | 2.64 | 32.80 | 35.44 | NOTE | |
r-release-linux-x86_64 | 0.2.0 | 2.39 | 32.51 | 34.90 | NOTE | |
r-release-macos-arm64 | 0.2.0 | 1.00 | 37.00 | 38.00 | NOTE | |
r-release-macos-x86_64 | 0.2.0 | 2.00 | 47.00 | 49.00 | NOTE | |
r-release-windows-x86_64 | 0.2.0 | 5.00 | 56.00 | 61.00 | NOTE | |
r-oldrel-macos-arm64 | 0.2.0 | 1.00 | 48.00 | 49.00 | OK | |
r-oldrel-macos-x86_64 | 0.2.0 | 4.00 | 67.00 | 71.00 | OK | |
r-oldrel-windows-x86_64 | 0.2.0 | 4.00 | 60.00 | 64.00 | OK |
Version: 0.2.0
Check: DESCRIPTION meta-information
Result: NOTE
Missing dependency on R >= 4.1.0 because package code uses the pipe
|> or function shorthand \(...) syntax added in R 4.1.0.
File(s) using such syntax:
‘mobius-strips.Rd’
Flavors: r-devel-linux-x86_64-debian-clang, r-devel-linux-x86_64-debian-gcc, r-devel-linux-x86_64-fedora-clang, r-devel-linux-x86_64-fedora-gcc, r-devel-windows-x86_64, r-patched-linux-x86_64, r-release-linux-x86_64, r-release-macos-arm64, r-release-macos-x86_64, r-release-windows-x86_64
Version: 0.2.0
Check: HTML version of manual
Result: NOTE
Found the following HTML validation problems:
noise.html:52:1 (noise.Rd:13): Warning: missing </ul> before </div>
Flavors: r-devel-linux-x86_64-debian-clang, r-devel-linux-x86_64-debian-gcc