Last updated on 2025-10-24 04:51:13 CEST.
| Flavor | Version | Tinstall | Tcheck | Ttotal | Status | Flags |
|---|---|---|---|---|---|---|
| r-devel-linux-x86_64-debian-clang | 1.3.1 | 15.08 | 91.12 | 106.20 | NOTE | |
| r-devel-linux-x86_64-debian-gcc | 1.3.1 | 9.03 | 61.54 | 70.57 | NOTE | |
| r-devel-linux-x86_64-fedora-clang | 1.3.1 | 86.00 | 85.16 | 171.16 | NOTE | |
| r-devel-linux-x86_64-fedora-gcc | 1.3.1 | 32.00 | 115.78 | 147.78 | NOTE | |
| r-devel-windows-x86_64 | 1.3.1 | 17.00 | 107.00 | 124.00 | NOTE | |
| r-patched-linux-x86_64 | 1.3.1 | 14.61 | 83.14 | 97.75 | NOTE | |
| r-release-linux-x86_64 | 1.3.1 | 13.74 | 81.86 | 95.60 | NOTE | |
| r-release-macos-arm64 | 1.3.1 | 7.00 | 37.00 | 44.00 | NOTE | |
| r-release-macos-x86_64 | 1.3.1 | 12.00 | 66.00 | 78.00 | NOTE | |
| r-release-windows-x86_64 | 1.3.1 | 19.00 | 110.00 | 129.00 | NOTE | |
| r-oldrel-macos-arm64 | 1.3.1 | 6.00 | 35.00 | 41.00 | OK | |
| r-oldrel-macos-x86_64 | 1.3.1 | 10.00 | 53.00 | 63.00 | OK | |
| r-oldrel-windows-x86_64 | 1.3.1 | 25.00 | 134.00 | 159.00 | OK |
Version: 1.3.1
Check: DESCRIPTION meta-information
Result: NOTE
Missing dependency on R >= 4.1.0 because package code uses the pipe
|> or function shorthand \(...) syntax added in R 4.1.0.
File(s) using such syntax:
‘iterate.Rd’ ‘random_walk_rank.Rd’
Flavors: r-devel-linux-x86_64-debian-clang, r-devel-linux-x86_64-debian-gcc, r-devel-linux-x86_64-fedora-clang, r-devel-linux-x86_64-fedora-gcc, r-devel-windows-x86_64, r-patched-linux-x86_64, r-release-linux-x86_64, r-release-macos-arm64, r-release-macos-x86_64, r-release-windows-x86_64