Last updated on 2025-10-21 04:50:36 CEST.
Flavor | Version | Tinstall | Tcheck | Ttotal | Status | Flags |
---|---|---|---|---|---|---|
r-devel-linux-x86_64-debian-clang | 0.2.0 | 107.64 | 70.44 | 178.08 | OK | |
r-devel-linux-x86_64-debian-gcc | 0.2.0 | 76.09 | 51.46 | 127.55 | NOTE | |
r-devel-linux-x86_64-fedora-clang | 0.2.0 | 333.37 | OK | |||
r-devel-linux-x86_64-fedora-gcc | 0.2.0 | 319.08 | OK | |||
r-devel-windows-x86_64 | 0.2.0 | 17.00 | 113.00 | 130.00 | OK | |
r-patched-linux-x86_64 | 0.2.0 | 116.56 | 64.59 | 181.15 | OK | |
r-release-linux-x86_64 | 0.2.0 | 109.85 | 64.89 | 174.74 | OK | |
r-release-macos-arm64 | 0.2.0 | 35.00 | OK | |||
r-release-macos-x86_64 | 0.2.0 | 89.00 | OK | |||
r-release-windows-x86_64 | 0.2.0 | 18.00 | 117.00 | 135.00 | OK | |
r-oldrel-macos-arm64 | 0.2.0 | 43.00 | OK | |||
r-oldrel-macos-x86_64 | 0.2.0 | 93.00 | OK | |||
r-oldrel-windows-x86_64 | 0.2.0 | 23.00 | 129.00 | 152.00 | ERROR |
Version: 0.2.0
Check: HTML version of manual
Result: NOTE
Found the following HTML validation problems:
llm_provider-class.html:212:1 (llm_provider-class.Rd:213): Warning: <h5> anchor "Usage" already defined
llm_provider-class.html:218:1 (llm_provider-class.Rd:217): Warning: <h5> anchor "Arguments" already defined
llm_provider-class.html:232:1 (llm_provider-class.Rd:225): Warning: <h5> anchor "Returns" already defined
llm_provider-class.html:252:1 (llm_provider-class.Rd:237): Warning: <h5> anchor "Usage" already defined
llm_provider-class.html:258:1 (llm_provider-class.Rd:241): Warning: <h5> anchor "Arguments" already defined
llm_provider-class.html:273:1 (llm_provider-class.Rd:250): Warning: <h5> anchor "Returns" already defined
llm_provider-class.html:297:1 (llm_provider-class.Rd:266): Warning: <h5> anchor "Usage" already defined
llm_provider-class.html:303:1 (llm_provider-class.Rd:270): Warning: <h5> anchor "Arguments" already defined
llm_provider-class.html:344:1 (llm_provider-class.Rd:298): Warning: <h5> anchor "Usage" already defined
llm_provider-class.html:350:1 (llm_provider-class.Rd:302): Warning: <h5> anchor "Arguments" already defined
llm_provider-class.html:373:1 (llm_provider-class.Rd:315): Warning: <h5> anchor "Usage" already defined
llm_provider-class.html:379:1 (llm_provider-class.Rd:319): Warning: <h5> anchor "Arguments" already defined
llm_provider-class.html:407:1 (llm_provider-class.Rd:337): Warning: <h5> anchor "Usage" already defined
llm_provider-class.html:413:1 (llm_provider-class.Rd:341): Warning: <h5> anchor "Arguments" already defined
llm_provider-class.html:437:1 (llm_provider-class.Rd:355): Warning: <h5> anchor "Usage" already defined
llm_provider-class.html:443:1 (llm_provider-class.Rd:359): Warning: <h5> anchor "Arguments" already defined
persistent_chat-class.html:118:1 (persistent_chat-class.Rd:110): Warning: <h5> anchor "Usage" already defined
persistent_chat-class.html:124:1 (persistent_chat-class.Rd:114): Warning: <h5> anchor "Arguments" already defined
persistent_chat-class.html:141:1 (persistent_chat-class.Rd:125): Warning: <h5> anchor "Returns" already defined
persistent_chat-class.html:158:1 (persistent_chat-class.Rd:134): Warning: <h5> anchor "Usage" already defined
persistent_chat-class.html:164:1 (persistent_chat-class.Rd:138): Warning: <h5> anchor "Returns" already defined
persistent_chat-class.html:181:1 (persistent_chat-class.Rd:147): Warning: <h5> anchor "Usage" already defined
persistent_chat-class.html:187:1 (persistent_chat-class.Rd:151): Warning: <h5> anchor "Arguments" already defined
tidyprompt-class.html:162:1 (tidyprompt-class.Rd:160): Warning: <h5> anchor "Usage" already defined
tidyprompt-class.html:168:1 (tidyprompt-class.Rd:164): Warning: <h5> anchor "Returns" already defined
tidyprompt-class.html:185:1 (tidyprompt-class.Rd:173): Warning: <h5> anchor "Usage" already defined
tidyprompt-class.html:191:1 (tidyprompt-class.Rd:177): Warning: <h5> anchor "Arguments" already defined
tidyprompt-class.html:204:1 (tidyprompt-class.Rd:184): Warning: <h5> anchor "Returns" already defined
tidyprompt-class.html:221:1 (tidyprompt-class.Rd:193): Warning: <h5> anchor "Usage" already defined
tidyprompt-class.html:229:1 (tidyprompt-class.Rd:199): Warning: <h5> anchor "Arguments" already defined
tidyprompt-class.html:258:1 (tidyprompt-class.Rd:215): Warning: <h5> anchor "Returns" already defined
tidyprompt-class.html:275:1 (tidyprompt-class.Rd:224): Warning: <h5> anchor "Usage" already defined
tidyprompt-class.html:284:1 (tidyprompt-class.Rd:231): Warning: <h5> anchor "Arguments" already defined
tidyprompt-class.html:301:1 (tidyprompt-class.Rd:242): Warning: <h5> anchor "Returns" already defined
tidyprompt-class.html:325:1 (tidyprompt-class.Rd:258): Warning: <h5> anchor "Usage" already defined
tidyprompt-class.html:331:1 (tidyprompt-class.Rd:262): Warning: <h5> anchor "Arguments" already defined
tidyprompt-class.html:344:1 (tidyprompt-class.Rd:269): Warning: <h5> anchor "Returns" already defined
tidyprompt-class.html:365:1 (tidyprompt-class.Rd:282): Warning: <h5> anchor "Usage" already defined
tidyprompt-class.html:371:1 (tidyprompt-class.Rd:286): Warning: <h5> anchor "Arguments" already defined
tidyprompt-class.html:385:1 (tidyprompt-class.Rd:294): Warning: <h5> anchor "Returns" already defined
tidyprompt-class.html:402:1 (tidyprompt-class.Rd:303): Warning: <h5> anchor "Usage" already defined
tidyprompt-class.html:408:1 (tidyprompt-class.Rd:307): Warning: <h5> anchor "Arguments" already defined
Flavor: r-devel-linux-x86_64-debian-gcc
Version: 0.2.0
Check: re-building of vignette outputs
Result: ERROR
Error(s) in re-building vignettes:
--- re-building 'creating_prompt_wraps.Rmd' using rmarkdown
--- finished re-building 'creating_prompt_wraps.Rmd'
--- re-building 'getting_started.Rmd' using rmarkdown
File ../man/figures/answer_using_r1-1.png not found in resource path
Error: processing vignette 'getting_started.Rmd' failed with diagnostics:
pandoc document conversion failed with error 99
--- failed re-building 'getting_started.Rmd'
--- re-building 'sentiment_analysis.Rmd' using rmarkdown
File ../man/figures/plot_sentiment_analysis-1.png not found in resource path
Error: processing vignette 'sentiment_analysis.Rmd' failed with diagnostics:
pandoc document conversion failed with error 99
--- failed re-building 'sentiment_analysis.Rmd'
SUMMARY: processing the following files failed:
'getting_started.Rmd' 'sentiment_analysis.Rmd'
Error: Vignette re-building failed.
Execution halted
Flavor: r-oldrel-windows-x86_64