Last updated on 2024-06-15 05:49:29 CEST.
Flavor | Version | Tinstall | Tcheck | Ttotal | Status | Flags |
---|---|---|---|---|---|---|
r-devel-linux-x86_64-debian-clang | 0.2.0 | 6.24 | 78.45 | 84.69 | NOTE | |
r-devel-linux-x86_64-debian-gcc | 0.2.0 | 4.76 | 59.35 | 64.11 | NOTE | |
r-devel-linux-x86_64-fedora-clang | 0.2.0 | 106.22 | NOTE | |||
r-devel-linux-x86_64-fedora-gcc | 0.2.0 | 99.60 | NOTE | |||
r-devel-windows-x86_64 | 0.2.0 | 6.00 | 82.00 | 88.00 | NOTE | |
r-patched-linux-x86_64 | 0.2.0 | 4.04 | 77.61 | 81.65 | NOTE | |
r-release-linux-x86_64 | 0.2.0 | 3.50 | 75.32 | 78.82 | NOTE | |
r-release-macos-arm64 | 0.2.0 | 39.00 | OK | |||
r-release-macos-x86_64 | 0.2.0 | 51.00 | OK | |||
r-release-windows-x86_64 | 0.2.0 | 6.00 | 85.00 | 91.00 | NOTE | |
r-oldrel-macos-arm64 | 0.2.0 | 39.00 | OK | |||
r-oldrel-macos-x86_64 | 0.2.0 | 69.00 | OK | |||
r-oldrel-windows-x86_64 | 0.2.0 | 7.00 | 98.00 | 105.00 | OK |
Version: 0.2.0
Check: HTML version of manual
Result: NOTE
Found the following HTML validation problems:
generate_control.html:87:1 (generate_control.Rd:36): Warning: trimming empty <li>
generate_control.html:86:1 (generate_control.Rd:36): Warning: trimming empty <ol>
generate_weights.html:220:1 (generate_weights.Rd:102): Warning: trimming empty <li>
generate_weights.html:219:1 (generate_weights.Rd:102): Warning: trimming empty <ol>
Flavors: r-devel-linux-x86_64-debian-clang, r-devel-linux-x86_64-debian-gcc, r-devel-linux-x86_64-fedora-clang, r-devel-linux-x86_64-fedora-gcc, r-devel-windows-x86_64, r-patched-linux-x86_64, r-release-linux-x86_64, r-release-windows-x86_64