Last updated on 2024-06-15 05:49:29 CEST.
Flavor | Version | Tinstall | Tcheck | Ttotal | Status | Flags |
---|---|---|---|---|---|---|
r-devel-linux-x86_64-debian-clang | 0.4 | 12.46 | 99.24 | 111.70 | NOTE | |
r-devel-linux-x86_64-debian-gcc | 0.4 | 8.73 | 74.99 | 83.72 | NOTE | |
r-devel-linux-x86_64-fedora-clang | 0.4 | 141.40 | NOTE | |||
r-devel-linux-x86_64-fedora-gcc | 0.4 | 132.30 | NOTE | |||
r-devel-windows-x86_64 | 0.4 | 11.00 | 89.00 | 100.00 | NOTE | |
r-patched-linux-x86_64 | 0.4 | 8.95 | 96.50 | 105.45 | NOTE | |
r-release-linux-x86_64 | 0.4 | 11.23 | 94.45 | 105.68 | NOTE | |
r-release-macos-arm64 | 0.4 | 43.00 | NOTE | |||
r-release-macos-x86_64 | 0.4 | 74.00 | NOTE | |||
r-release-windows-x86_64 | 0.4 | 10.00 | 91.00 | 101.00 | NOTE | |
r-oldrel-macos-arm64 | 0.4 | 49.00 | NOTE | |||
r-oldrel-macos-x86_64 | 0.4 | 72.00 | NOTE | |||
r-oldrel-windows-x86_64 | 0.4 | 14.00 | 108.00 | 122.00 | NOTE |
Version: 0.4
Check: Rd files
Result: NOTE
checkRd: (-1) compare.Rd:46: Escaped LaTeX specials: \&
Flavors: r-devel-linux-x86_64-debian-clang, r-devel-linux-x86_64-debian-gcc, r-devel-linux-x86_64-fedora-clang, r-devel-linux-x86_64-fedora-gcc, r-devel-windows-x86_64, r-patched-linux-x86_64, r-release-linux-x86_64, r-release-macos-arm64, r-release-macos-x86_64, r-release-windows-x86_64, r-oldrel-macos-arm64, r-oldrel-macos-x86_64, r-oldrel-windows-x86_64