Last updated on 2025-07-16 06:51:55 CEST.
Flavor | Version | Tinstall | Tcheck | Ttotal | Status | Flags |
---|---|---|---|---|---|---|
r-devel-linux-x86_64-debian-clang | 1.0.3 | 280.59 | 159.33 | 439.92 | OK | |
r-devel-linux-x86_64-debian-gcc | 1.0.3 | 179.22 | 124.06 | 303.28 | OK | |
r-devel-linux-x86_64-fedora-clang | 1.0.3 | 668.71 | NOTE | |||
r-devel-linux-x86_64-fedora-gcc | 1.0.3 | 781.13 | NOTE | |||
r-devel-windows-x86_64 | 1.0.3 | 236.00 | 199.00 | 435.00 | OK | |
r-patched-linux-x86_64 | 1.0.3 | 237.75 | 169.71 | 407.46 | OK | |
r-release-linux-x86_64 | 1.0.3 | 233.98 | 168.60 | 402.58 | OK | |
r-release-macos-arm64 | 1.0.3 | 241.00 | OK | |||
r-release-macos-x86_64 | 1.0.3 | 380.00 | OK | |||
r-release-windows-x86_64 | 1.0.3 | 235.00 | 195.00 | 430.00 | OK | |
r-oldrel-macos-arm64 | 1.0.3 | 131.00 | NOTE | |||
r-oldrel-macos-x86_64 | 1.0.3 | 206.00 | NOTE | |||
r-oldrel-windows-x86_64 | 1.0.3 | 277.00 | 253.00 | 530.00 | NOTE |
Version: 1.0.3
Check: dependencies in R code
Result: NOTE
Namespace in Imports field not imported from: ‘sp’
All declared Imports should be used.
Flavors: r-devel-linux-x86_64-fedora-clang, r-devel-linux-x86_64-fedora-gcc
Version: 1.0.3
Check: installed package size
Result: NOTE
installed size is 95.8Mb
sub-directories of 1Mb or more:
doc 1.9Mb
libs 91.9Mb
Flavors: r-oldrel-macos-arm64, r-oldrel-macos-x86_64, r-oldrel-windows-x86_64
Version: 1.0.3
Check: for GNU extensions in Makefiles
Result: NOTE
GNU make is a SystemRequirements.
Flavors: r-oldrel-macos-arm64, r-oldrel-macos-x86_64, r-oldrel-windows-x86_64