Last updated on 2024-06-29 06:49:55 CEST.
Flavor | Version | Tinstall | Tcheck | Ttotal | Status | Flags |
---|---|---|---|---|---|---|
r-devel-linux-x86_64-debian-clang | 1.0.2 | 6.78 | 132.06 | 138.84 | OK | |
r-devel-linux-x86_64-debian-gcc | 1.0.2 | 4.38 | 101.64 | 106.02 | OK | |
r-devel-linux-x86_64-fedora-clang | 1.0.2 | 184.60 | OK | |||
r-devel-linux-x86_64-fedora-gcc | 1.0.2 | 181.14 | OK | |||
r-devel-windows-x86_64 | 1.0.2 | 7.00 | 118.00 | 125.00 | OK | |
r-patched-linux-x86_64 | 1.0.2 | 5.00 | 130.07 | 135.07 | OK | |
r-release-linux-x86_64 | 1.0.2 | 3.64 | 130.15 | 133.79 | OK | |
r-release-macos-arm64 | 1.0.2 | 71.00 | OK | |||
r-release-macos-x86_64 | 1.0.2 | 111.00 | OK | |||
r-release-windows-x86_64 | 1.0.2 | 7.00 | 119.00 | 126.00 | OK | |
r-oldrel-macos-arm64 | 1.0.2 | 193.00 | OK | |||
r-oldrel-macos-x86_64 | 1.0.2 | 115.00 | NOTE | |||
r-oldrel-windows-x86_64 | 1.0.2 | 8.00 | 138.00 | 146.00 | OK |
Version: 1.0.2
Check: package dependencies
Result: NOTE
Package suggested but not available for checking: ‘Seurat’
Flavor: r-oldrel-macos-x86_64