Last updated on 2025-10-22 05:51:31 CEST.
Flavor | Version | Tinstall | Tcheck | Ttotal | Status | Flags |
---|---|---|---|---|---|---|
r-devel-linux-x86_64-debian-clang | 1.1.0 | 7.75 | 67.62 | 75.37 | NOTE | |
r-devel-linux-x86_64-debian-gcc | 1.1.0 | 4.64 | 48.35 | 52.99 | NOTE | |
r-devel-linux-x86_64-fedora-clang | 1.1.0 | 20.00 | 92.10 | 112.10 | OK | |
r-devel-linux-x86_64-fedora-gcc | 1.1.0 | 15.00 | 99.31 | 114.31 | OK | |
r-devel-windows-x86_64 | 1.1.0 | 9.00 | 90.00 | 99.00 | OK | |
r-patched-linux-x86_64 | 1.1.0 | 7.70 | 60.24 | 67.94 | OK | |
r-release-linux-x86_64 | 1.1.0 | 6.80 | 60.10 | 66.90 | OK | |
r-release-macos-arm64 | 1.1.0 | 3.00 | 32.00 | 35.00 | OK | |
r-release-macos-x86_64 | 1.1.0 | 6.00 | 68.00 | 74.00 | OK | |
r-release-windows-x86_64 | 1.1.0 | 10.00 | 92.00 | 102.00 | OK | |
r-oldrel-macos-arm64 | 1.1.0 | 3.00 | 40.00 | 43.00 | OK | |
r-oldrel-macos-x86_64 | 1.1.0 | 8.00 | 69.00 | 77.00 | OK | |
r-oldrel-windows-x86_64 | 1.1.0 | 11.00 | 106.00 | 117.00 | OK |
Version: 1.1.0
Check: HTML version of manual
Result: NOTE
Found the following HTML validation problems:
exponential_backoff.html:54:1 (exponential_backoff.Rd:14): Warning: missing </ul> before </div>
track_quota_usage.html:54:1 (track_quota_usage.Rd:14): Warning: missing </ul> before </div>
Flavors: r-devel-linux-x86_64-debian-clang, r-devel-linux-x86_64-debian-gcc