Last updated on 2024-06-26 03:49:39 CEST.
Flavor | Version | Tinstall | Tcheck | Ttotal | Status | Flags |
---|---|---|---|---|---|---|
r-devel-linux-x86_64-debian-clang | 1.0.0 | OK | ||||
r-devel-linux-x86_64-debian-gcc | 1.0.0 | 7.38 | 70.11 | 77.49 | OK | |
r-devel-linux-x86_64-fedora-clang | 1.0.0 | 130.72 | NOTE | |||
r-devel-linux-x86_64-fedora-gcc | 1.0.0 | 132.52 | NOTE | |||
r-devel-windows-x86_64 | 1.0.0 | 9.00 | 82.00 | 91.00 | OK | |
r-patched-linux-x86_64 | 1.0.0 | 7.82 | 88.47 | 96.29 | OK | |
r-release-linux-x86_64 | 1.0.0 | 9.55 | 86.65 | 96.20 | OK | |
r-release-macos-arm64 | 1.0.0 | 43.00 | OK | |||
r-release-macos-x86_64 | 1.0.0 | 65.00 | OK | |||
r-release-windows-x86_64 | 1.0.0 | 8.00 | 86.00 | 94.00 | OK | |
r-oldrel-macos-arm64 | 1.0.0 | 50.00 | OK | |||
r-oldrel-macos-x86_64 | 1.0.0 | 74.00 | OK | |||
r-oldrel-windows-x86_64 | 1.0.0 | 11.00 | 97.00 | 108.00 | OK |
Version: 1.0.0
Check: dependencies in R code
Result: NOTE
Namespace in Imports field not imported from: ‘Rcpp’
All declared Imports should be used.
Flavors: r-devel-linux-x86_64-fedora-clang, r-devel-linux-x86_64-fedora-gcc