Last updated on 2025-10-22 05:51:32 CEST.
Flavor | Version | Tinstall | Tcheck | Ttotal | Status | Flags |
---|---|---|---|---|---|---|
r-devel-linux-x86_64-debian-clang | 1.15.0 | 88.40 | 194.66 | 283.06 | NOTE | |
r-devel-linux-x86_64-debian-gcc | 1.15.0 | 63.35 | 150.60 | 213.95 | NOTE | |
r-devel-linux-x86_64-fedora-clang | 1.15.0 | 338.00 | 151.45 | 489.45 | OK | |
r-devel-linux-x86_64-fedora-gcc | 1.15.0 | 179.00 | 287.04 | 466.04 | OK | |
r-devel-windows-x86_64 | 1.15.0 | 102.00 | 241.00 | 343.00 | OK | |
r-patched-linux-x86_64 | 1.15.0 | 96.80 | 186.22 | 283.02 | OK | |
r-release-linux-x86_64 | 1.15.0 | 90.37 | 187.95 | 278.32 | OK | |
r-release-macos-arm64 | 1.15.0 | 38.00 | 125.00 | 163.00 | OK | |
r-release-macos-x86_64 | 1.15.0 | 39.00 | 178.00 | 217.00 | OK | |
r-release-windows-x86_64 | 1.15.0 | 103.00 | 238.00 | 341.00 | OK | |
r-oldrel-macos-arm64 | 1.15.0 | 33.00 | 93.00 | 126.00 | NOTE | |
r-oldrel-macos-x86_64 | 1.15.0 | 31.00 | 179.00 | 210.00 | NOTE | |
r-oldrel-windows-x86_64 | 1.15.0 | 128.00 | 314.00 | 442.00 | OK |
Version: 1.15.0
Check: HTML version of manual
Result: NOTE
Found the following HTML validation problems:
ranking.html:50:1 (ranking.Rd:13): Warning: missing </ul> before </div>
Flavors: r-devel-linux-x86_64-debian-clang, r-devel-linux-x86_64-debian-gcc
Version: 1.15.0
Check: installed package size
Result: NOTE
installed size is 6.6Mb
sub-directories of 1Mb or more:
libs 4.6Mb
Flavors: r-oldrel-macos-arm64, r-oldrel-macos-x86_64