Last updated on 2025-10-22 05:51:32 CEST.
Flavor | Version | Tinstall | Tcheck | Ttotal | Status | Flags |
---|---|---|---|---|---|---|
r-devel-linux-x86_64-debian-clang | 0.5.0 | 4.29 | 52.22 | 56.51 | NOTE | |
r-devel-linux-x86_64-debian-gcc | 0.5.0 | 3.04 | 40.53 | 43.57 | NOTE | |
r-devel-linux-x86_64-fedora-clang | 0.5.0 | 21.00 | 64.91 | 85.91 | OK | |
r-devel-linux-x86_64-fedora-gcc | 0.5.0 | 91.58 | OK | |||
r-devel-windows-x86_64 | 0.5.0 | 8.00 | 70.00 | 78.00 | OK | |
r-patched-linux-x86_64 | 0.5.0 | 4.61 | 47.27 | 51.88 | OK | |
r-release-linux-x86_64 | 0.5.0 | 3.07 | 47.56 | 50.63 | OK | |
r-release-macos-arm64 | 0.5.0 | 2.00 | 48.00 | 50.00 | OK | |
r-release-macos-x86_64 | 0.5.0 | 3.00 | 60.00 | 63.00 | OK | |
r-release-windows-x86_64 | 0.5.0 | 8.00 | 72.00 | 80.00 | OK | |
r-oldrel-macos-arm64 | 0.5.0 | 2.00 | 34.00 | 36.00 | OK | |
r-oldrel-macos-x86_64 | 0.5.0 | 3.00 | 51.00 | 54.00 | OK | |
r-oldrel-windows-x86_64 | 0.5.0 | 9.00 | 98.00 | 107.00 | OK |
Version: 0.5.0
Check: HTML version of manual
Result: NOTE
Found the following HTML validation problems:
renderVegawidget.html:56:1 (renderVegawidget.Rd:16): Warning: missing </ul> before </div>
vegawidgetOutput.html:60:1 (vegawidgetOutput.Rd:20): Warning: missing </ul> before </div>
Flavors: r-devel-linux-x86_64-debian-clang, r-devel-linux-x86_64-debian-gcc