Last updated on 2024-06-27 03:50:57 CEST.
Flavor | Version | Tinstall | Tcheck | Ttotal | Status | Flags |
---|---|---|---|---|---|---|
r-devel-linux-x86_64-debian-clang | 1.1.3 | OK | ||||
r-devel-linux-x86_64-debian-gcc | 1.1.3 | 25.67 | 202.59 | 228.26 | OK | |
r-devel-linux-x86_64-fedora-clang | 1.1.3 | 370.53 | NOTE | |||
r-devel-linux-x86_64-fedora-gcc | 1.1.3 | 358.84 | NOTE | |||
r-devel-windows-x86_64 | 1.1.3 | 32.00 | 219.00 | 251.00 | OK | |
r-patched-linux-x86_64 | 1.1.3 | 33.60 | 266.22 | 299.82 | OK | |
r-release-linux-x86_64 | 1.1.3 | 32.32 | 265.87 | 298.19 | OK | |
r-release-macos-arm64 | 1.1.3 | 103.00 | NOTE | |||
r-release-macos-x86_64 | 1.1.3 | 158.00 | NOTE | |||
r-release-windows-x86_64 | 1.1.3 | 31.00 | 226.00 | 257.00 | OK | |
r-oldrel-macos-arm64 | 1.1.3 | 105.00 | NOTE | |||
r-oldrel-macos-x86_64 | 1.1.3 | 221.00 | NOTE | |||
r-oldrel-windows-x86_64 | 1.1.3 | 40.00 | 287.00 | 327.00 | OK |
Version: 1.1.3
Check: data for non-ASCII characters
Result: NOTE
Note: found 49 marked UTF-8 strings
Flavors: r-devel-linux-x86_64-fedora-clang, r-devel-linux-x86_64-fedora-gcc
Version: 1.1.3
Check: installed package size
Result: NOTE
installed size is 5.2Mb
sub-directories of 1Mb or more:
R 3.4Mb
help 1.1Mb
Flavors: r-release-macos-arm64, r-release-macos-x86_64, r-oldrel-macos-arm64, r-oldrel-macos-x86_64