Last updated on 2025-10-21 04:50:39 CEST.
Flavor | Version | Tinstall | Tcheck | Ttotal | Status | Flags |
---|---|---|---|---|---|---|
r-devel-linux-x86_64-debian-clang | 0.1.0 | 7.28 | 68.14 | 75.42 | OK | |
r-devel-linux-x86_64-debian-gcc | 0.1.0 | 5.21 | 50.84 | 56.05 | NOTE | |
r-devel-linux-x86_64-fedora-clang | 0.1.0 | 125.26 | OK | |||
r-devel-linux-x86_64-fedora-gcc | 0.1.0 | 121.99 | OK | |||
r-devel-windows-x86_64 | 0.1.0 | 8.00 | 78.00 | 86.00 | OK | |
r-patched-linux-x86_64 | 0.1.0 | 6.42 | 64.37 | 70.79 | OK | |
r-release-linux-x86_64 | 0.1.0 | 6.78 | 64.82 | 71.60 | OK | |
r-release-macos-arm64 | 0.1.0 | 46.00 | OK | |||
r-release-macos-x86_64 | 0.1.0 | 81.00 | OK | |||
r-release-windows-x86_64 | 0.1.0 | 10.00 | 77.00 | 87.00 | OK | |
r-oldrel-macos-arm64 | 0.1.0 | 49.00 | NOTE | |||
r-oldrel-macos-x86_64 | 0.1.0 | 82.00 | NOTE | |||
r-oldrel-windows-x86_64 | 0.1.0 | 11.00 | 98.00 | 109.00 | NOTE |
Version: 0.1.0
Check: HTML version of manual
Result: NOTE
Found the following HTML validation problems:
Task.html:248:1 (Task.Rd:196): Warning: <h5> anchor "Usage" already defined
Task.html:254:1 (Task.Rd:200): Warning: <h5> anchor "Arguments" already defined
Task.html:275:1 (Task.Rd:215): Warning: <h5> anchor "Returns" already defined
Task.html:295:1 (Task.Rd:227): Warning: <h5> anchor "Usage" already defined
Task.html:301:1 (Task.Rd:231): Warning: <h5> anchor "Returns" already defined
Task.html:320:1 (Task.Rd:242): Warning: <h5> anchor "Usage" already defined
Task.html:326:1 (Task.Rd:246): Warning: <h5> anchor "Arguments" already defined
Task.html:344:1 (Task.Rd:258): Warning: <h5> anchor "Returns" already defined
Task.html:362:1 (Task.Rd:268): Warning: <h5> anchor "Usage" already defined
Task.html:368:1 (Task.Rd:272): Warning: <h5> anchor "Arguments" already defined
Task.html:381:1 (Task.Rd:279): Warning: <h5> anchor "Returns" already defined
Task.html:398:1 (Task.Rd:288): Warning: <h5> anchor "Usage" already defined
Task.html:404:1 (Task.Rd:292): Warning: <h5> anchor "Returns" already defined
Task.html:424:1 (Task.Rd:304): Warning: <h5> anchor "Usage" already defined
Task.html:430:1 (Task.Rd:308): Warning: <h5> anchor "Arguments" already defined
Task.html:443:1 (Task.Rd:315): Warning: <h5> anchor "Returns" already defined
Task.html:460:1 (Task.Rd:324): Warning: <h5> anchor "Usage" already defined
Task.html:466:1 (Task.Rd:328): Warning: <h5> anchor "Returns" already defined
Task.html:483:1 (Task.Rd:337): Warning: <h5> anchor "Usage" already defined
Task.html:489:1 (Task.Rd:341): Warning: <h5> anchor "Arguments" already defined
Task.html:525:1 (Task.Rd:366): Warning: <h5> anchor "Returns" already defined
Task.html:542:1 (Task.Rd:375): Warning: <h5> anchor "Usage" already defined
Task.html:548:1 (Task.Rd:379): Warning: <h5> anchor "Arguments" already defined
Task.html:593:1 (Task.Rd:410): Warning: <h5> anchor "Returns" already defined
Task.html:610:1 (Task.Rd:419): Warning: <h5> anchor "Usage" already defined
Task.html:616:1 (Task.Rd:423): Warning: <h5> anchor "Arguments" already defined
Task.html:630:1 (Task.Rd:431): Warning: <h5> anchor "Returns" already defined
Task.html:651:1 (Task.Rd:444): Warning: <h5> anchor "Usage" already defined
Task.html:657:1 (Task.Rd:448): Warning: <h5> anchor "Returns" already defined
Task.html:675:1 (Task.Rd:458): Warning: <h5> anchor "Usage" already defined
Task.html:681:1 (Task.Rd:462): Warning: <h5> anchor "Arguments" already defined
Flavor: r-devel-linux-x86_64-debian-gcc
Version: 0.1.0
Check: installed package size
Result: NOTE
installed size is 6.4Mb
sub-directories of 1Mb or more:
dist 3.5Mb
doc 2.1Mb
Flavors: r-oldrel-macos-arm64, r-oldrel-macos-x86_64, r-oldrel-windows-x86_64